e ten thousands digit of 54969?
5
What is the units digit of 53067?
7
What is the thousands digit of 2410?
2
What is the units digit of 1144?
4
What is the thousands digit of 5668?
5
What is the thousands digit of 1702?
1
What is the hundreds digit of 64055?
0
What is the thousands digit of 47239?
7
What is the thousands digit of 11008?
1
What is the tens digit of 512?
1
What is the ten thousands digit of 73936?
7
What is the thousands digit of 85019?
5
What is the units digit of 57673?
3
What is the tens digit of 1999?
9
What is the thousands digit of 61139?
1
What is the hundreds digit of 21483?
4
What is the tens digit of 21306?
0
What is the units digit of 21107?
7
What is the ten thousands digit of 11984?
1
What is the hundreds digit of 919?
9
What is the units digit of 694?
4
What is the thousands digit of 3931?
3
What is the hundreds digit of 23356?
3
What is the hundreds digit of 9152?
1
What is the hundreds digit of 61912?
9
What is the tens digit of 1761?
6
What is the hundreds digit of 767?
7
What is the hundreds digit of 36003?
0
What is the hundreds digit of 661?
6
What is the hundreds digit of 815?
8
What is the tens digit of 166967?
6
What is the tens digit of 583?
8
What is the tens digit of 5647?
4
What is the units digit of 23924?
4
What is the ten thousands digit of 48973?
4
What is the units digit of 2490?
0
What is the thousands digit of 1782?
1
What is the tens digit of 3871?
7
What is the units digit of 2534?
4
What is the tens digit of 3208?
0
What is the units digit of 1996?
6
What is the tens digit of 5394?
9
What is the thousands digit of 1008?
1
What is the ten thousands digit of 81861?
8
What is the thousands digit of 7216?
7
What is the units digit of 111998?
8
What is the ten thousands digit of 94740?
9
What is the hundreds digit of 232?
2
What is the hundreds digit of 2096?
0
What is the tens digit of 62189?
8
What is the units digit of 3844?
4
What is the hundreds digit of 1855?
8
What is the tens digit of 298?
9
What is the tens digit of 940?
4
What is the thousands digit of 49166?
9
What is the hundred thousands digit of 109788?
1
What is the thousands digit of 2051?
2
What is the hundreds digit of 1125?
1
What is the units digit of 66090?
0
What is the ten thousands digit of 45741?
4
What is the tens digit of 91?
9
What is the hundreds digit of 14685?
6
What is the ten thousands digit of 107085?
0
What is the hundreds digit of 175?
1
What is the tens digit of 6707?
0
What is the hundreds digit of 2244?
2
What is the hundreds digit of 9966?
9
What is the ten thousands digit of 22989?
2
What is the hundreds digit of 55375?
3
What is the thousands digit of 13524?
3
What is the units digit of 7684?
4
What is the hundreds digit of 44778?
7
What is the units digit of 11492?
2
What is the thousands digit of 1465?
1
What is the units digit of 765?
5
What is the units digit of 47711?
1
What is the tens digit of 20149?
4
What is the hundreds digit of 1909?
9
What is the units digit of 4825?
5
What is the hundreds digit of 14356?
3
What is the units digit of 8850?
0
What is the tens digit of 81819?
1
What is the hundreds digit of 3089?
0
What is the tens digit of 2483?
8
What is the ten thousands digit of 21743?
2
What is the ten thousands digit of 10886?
1
What is the thousands digit of 13049?
3
What is the units digit of 3280?
0
What is the hundreds digit of 2201?
2
What is the hundreds digit of 143?
1
What is the hundred thousands digit of 119745?
1
What is the tens digit of 860?
6
What is the hundreds digit of 222?
2
What is the hundreds digit of 647?
6
What is the tens digit of 648?
4
What is the tens digit of 19891?
9
What is the tens digit of 8496?
9
What is the hundreds digit of 48216?
2
What is the units digit of 964?
4
What is the thousands digit of 48316?
8
What is the tens digit of 9277?
7
What is the units digit of 8044?
4
What is the ten thousands digit of 22771?
2
What is the hundreds digit of 4112?
1
What is the units digit of 62?
2
What is the units digit of 919?
9
What is the hundreds digit of 10001?
0
What is the thousands digit of 2508?
2
What is the units digit of 2965?
5
What is the tens digit of 49494?
9
What is the hundreds digit of 909?
9
What is the units digit of 13949?
9
What is the hundreds digit of 3967?
9
What is the hundreds digit of 6838?
8
What is the units digit of 7188?
8
What is the hundreds digit of 2317?
3
What is the units digit of 18917?
7
What is the units digit of 505?
5
What is the units digit of 652?
2
What is the thousands digit of 89968?
9
What is the hundreds digit of 24946?
9
What is the tens digit of 917?
1
What is the ten thousands digit of 12515?
1
What is the hundreds digit of 2033?
0
What is the units digit of 20647?
7
What is the hundreds digit of 2353?
3
What is the tens digit of 4512?
1
What is the tens digit of 778?
7
What is the hundreds digit of 7074?
0
What is the units digit of 632?
2
What is the hundreds digit of 921?
9
What is the thousands digit of 5853?
5
What is the tens digit of 4952?
5
What is the thousands digit of 32114?
2
What is the ten thousands digit of 29510?
2
What is the ten thousands digit of 14433?
1
What is the thousands digit of 2273?
2
What is the tens digit of 48265?
6
What is the ten thousands digit of 71976?
7
What is the hundreds digit of 5211?
2
What is the thousands digit of 5911?
5
What is the tens digit of 18?
1
What is the hundreds digit of 129?
1
What is the thousands digit of 11860?
1
What is the units digit of 9028?
8
What is the ten thousands digit of 51044?
5
What is the hundreds digit of 49224?
2
What is the ten thousands digit of 12414?
1
What is the units digit of 97555?
5
What is the units digit of 17025?
5
What is the thousands digit of 4959?
4
What is the units digit of 7906?
6
What is the units digit of 5171?
1
What is the units digit of 1688?
8
What is the thousands digit of 71253?
1
What is the hundreds digit of 43396?
3
What is the tens digit of 7981?
8
What is the units digit of 188?
8
What is the tens digit of 7299?
9
What is the hundreds digit of 4608?
6
What is the tens digit of 23017?
1
What is the units digit of 195?
5
What is the thousands digit of 2711?
2
What is the units digit of 1327?
7
What is the units digit of 5615?
5
What is the hundreds digit of 53079?
0
What is the tens digit of 58528?
2
What is the hundreds digit of 245?
2
What is the tens digit of 10692?
9
What is the hundreds digit of 568?
5
What is the thousands digit of 1829?
1
What is the thousands digit of 105090?
5
What is the tens digit of 10306?
0
What is the units digit of 5005?
5
What is the thousands digit of 9366?
9
What is the units digit of 17306?
6
What is the tens digit of 56261?
6
What is the thousands digit of 3785?
3
What is the hundreds digit of 10975?
9
What is the tens digit of 2155?
5
What is the tens digit of 44218?
1
What is the hundreds digit of 1163?
1
What is the hundreds digit of 8000?
0
What is the units digit of 7?
7
What is the units digit of 70525?
5
What is the units digit of 6785?
5
What is the hundreds digit of 86986?
9
What is the hundreds digit of 5268?
2
What is the units digit of 1610?
0
What is the hundreds digit of 2641?
6
What is the units digit of 5492?
2
What is the tens digit of 2081?
8
What is the tens digit of 950?
5
What is the tens digit of 3595?
9
What is the thousands digit of 27609?
7
What is the hundreds digit of 835?
8
What is the thousands digit of 27661?
7
What is the thousands digit of 190371?
0
What is the units digit of 354?
4
What is the tens digit of 95345?
4
What is the thousands digit of 154043?
4
What is the tens digit of 9580?
8
What is the tens digit of 418?
1
What is the tens digit of 1339?
3
What is the thousands digit of 85153?
5
What is the tens digit of 622?
2
What is the tens digit of 324?
2
What is the thousands digit of 83798?
3
What is the hundreds digit of 981?
9
What is the hundreds digit of 2910?
9
What is the ten thousands digit of 88508?
8
What is the hundreds digit of 100698?
6
What is the tens digit of 1065?
6
What is the units digit of 471?
1
What is the units digit of 9563?
3
What is the thousands digit of 60094?
0
What is the tens digit of 3913?
1
What is the tens digit of 432?
3
What is the tens digit of 286?
8
What is the ten thousands digit of 38799?
3
